e first derivative of q**3/3 + 3*q**2 + q - 5. Give z(c).
-7
Suppose 3 = c - 0, n = 4*c - 18. Let w(b) = -2*b + 3*b + 4 + 0*b. What is w(n)?
-2
Suppose 0 = -v - 12 + 15. Let r(j) be the first derivative of -4*j - v + 1/2*j**2. Determine r(3).
-1
Let s be (-1 - (3 + -2)) + 3. Let w = s + -2. Let y(d) be the first derivative of 2*d**3 + d**2 + d + 24. Calculate y(w).
5
Suppose -3*h + 6 = -h. Let f(w) = 3*w**2 - 2 + w**2 + w**h - 4*w + 5*w. Let s(j) = -5*j**3 + j**2 - j + 1. Let t be s(1). Determine f(t).
-6
Let v(h) = 3*h**2 + 4*h + 5. Let p be v(-1). Let n(s) = s**3 - 3*s**2 - 5*s + 3. Calculate n(p).
-1
Let q(g) = -2*g**3 - g**2. Suppose 0 = 4*z - 5*z - 1. What is q(z)?
1
Let c(x) = 4*x**3 - x**2 + 2*x - 5. Let q(a) = 3*a**3 - a**2 + 2*a - 4. Let l(m) = 2*c(m) - 3*q(m). Determine l(2).
-6
Suppose 0*v - 4*v + 40 = 0. Suppose 0 = -h - h - v. Let s(w) = 4*w**2 + 4*w + 13. Let r(i) = -i**2 + i - 2. Let t(b) = -3*r(b) - s(b). Determine t(h).
3
Let a(b) be the second derivative of -b**3/6 - b**2/2 - 3*b. Let z = 5 - 9. What is a(z)?
3
Suppose -4*k + 2*k = -4. Let j(v) = -v + 6 + 3*v - 1 + k. Calculate j(-5).
-3
Let t(h) = h**2 + 6*h + 4. Let d = 22 - 13. Let f = d - 14. Calculate t(f).
-1
Suppose 0 = -2*l + 4*d + 8, -2*l - 3*l - 2*d = -44. Let g(t) = -t**2 + 8*t - 9. Give g(l).
-9
Suppose -5*y = -y - 36. Let d = -3 + y. Let i(z) = -z + 12. Determine i(d).
6
Let j(o) = -o**3 + 6*o**2 - 2*o + 8. Suppose t - 5*v - 16 = 0, v + 4 = -v. Let h be j(t). Let x(i) = -3*i. Determine x(h).
12
Let h(r) = r + 6. Let v(m) = 1. Let o = 7 + -8. Let y(w) = o*h(w) + 5*v(w). What is y(6)?
-7
Let u(t) = -t + 16. Let l be u(15). Let w(v) = 1 + 1 - 2 - l + 7*v. Calculate w(-1).
-8
Let u = 85 - 79. Let z(k) = k**2 - 7*k + 8. Give z(u).
2
Suppose -5*s = 5*n - 5, 2*n + 2 = 2*s - 3*n. Let i(q) = -3 - 3 + s + q**2 + q + 4*q. Suppose 10 = -3*p + h, -h - 15 = 2*p - 0*h. Give i(p).
-5
Let f = 19 + -12. Let u(b) = -3*b - 2*b**2 - 2 + b**2 + f*b. Let s = 3 + -1. Give u(s).
2
Let h(y) be the third derivative of y**3/6 + 4*y**2. Let u(t) = t - 1. Let k(q) = 2*h(q) + u(q). Let g(z) = z**2 + 4. Let c(n) = -g(n) + 6*k(n). Calculate c(3).
11
Suppose -5*f + 0*f + 15 = 0. Let z(p) = p + 2. Determine z(f).
5
Let m be 1 - 4/(-4)*0. Let r be ((-1)/1)/(7/(-28)). Let a(u) = -r*u + 0*u + 2*u + u. Calculate a(m).
-1
Let s(k) be the third derivative of k**4/24 + k**3/3 - 2*k**2. Give s(3).
5
Let n(j) = -2*j - 4. Let v be n(-4). Let o(i) = 2*i - 4. What is o(v)?
4
Let i(p) = p**2 + 9*p + 10. Let r(v) = -v**2 - 8*v - 9. Let n = 83 - 47. Suppose 5*q = 1 - n. Let f(k) = q*r(k) - 6*i(k). Calculate f(-3).
6
Let o be 1 + ((-9)/(-3) - 2). Let t(n) = -n**o - 4*n - 2 + 2*n - 5*n. Calculate t(-6).
4
Let d(w) = -4*w + 11. Let r(j) = -2*j + 5. Let a(o) = -2*d(o) + 5*r(o). Suppose 2*s - 60 = -3*s. Suppose -5*i + 13 = -s. Give a(i).
-7
Let a(v) = v**3 - 10*v**2 + 10*v - 3. Let r be a(9). Let d(m) = m**2 - 8*m + 9. Give d(r).
-3
Let x(r) be the third derivative of r**5/60 + r**4/12 + r**3/6 + 3*r**2. Let h be x(-3). Let n(c) = -h + 3*c - c - 1. Determine n(4).
3
Let s = 41 + -36. Let d(v) = -2*v + 10. Calculate d(s).
0
Suppose -3 = -2*w + 9. Let h(f) = f**3 - 8*f - f**2 - 3*f**2 + 9*f + w*f**2. Calculate h(-2).
-2
Let y(z) = 2*z + 14. Let b be y(-9). Let a(t) = 7*t + 5. Calculate a(b).
-23
Let a(r) be the second derivative of r**4/12 - r**3/6 - r. Suppose -5 = -3*n + 7. Suppose 0 = -3*c + n*c + 1. Give a(c).
2
Let c(g) = -3*g - 2. Let u = -2 + 7. Suppose 9 = -u*l + 2*l. Calculate c(l).
7
Let g(q) be the third derivative of -q**8/20160 - q**7/1680 + q**6/360 + q**5/60 + 2*q**2. Let x(o) be the third derivative of g(o). Calculate x(-4).
-2
Suppose -o + 3*n + 5 + 3 = 0, 12 = 4*n. Suppose -3 = -4*v + o. Let x(i) = 7 - 3*i - 4*i + v*i. Give x(6).
-5
Suppose -2 = 2*c - 3*c. Let q(v) = -5*v**2 + 4*v**3 - 4*v**3 - c + v**3 - 2*v**3. Give q(-5).
-2
Let w(y) = 4*y**3 - 3 + 2*y**2 + 0 - 5*y**3 + 3*y. Let k be -6 - -12 - (-6)/(-2). What is w(k)?
-3
Let g(u) = u**3 - 5*u**2 + 3*u + 5. Let w be g(4). Suppose -4*p + p - 3 = 0. Let d = p - w. Let o(r) = r - 2. Calculate o(d).
-4
Let l(a) = -3 + a**2 - 5*a + a**3 + 3*a - 3*a. Suppose 3*m - 3 = n - 0, -n - m = 3. What is l(n)?
-6
Let a(o) = o**3 - 4*o**2 + 3*o + 2. Let u be a(3). Let b(j) = 2*j - 1. Determine b(u).
3
Let o(x) = -x**2 + 5*x + 6. Suppose 0 = 2*m + r + r - 4, 3*r + 29 = 4*m. What is o(m)?
6
Let y(k) = k**3 - 5*k**2 + 4*k - 1. Let d be y(3). Let l(q) = -14*q + 3*q + 3 + 0*q. Let a(p) = 16*p - 4. Let b(x) = d*l(x) - 5*a(x). Calculate b(3).
-10
Let a(o) = o**3 + 6*o**2 + 4*o - 5. Let d be a(-5). Let g(j) = j - 5. Let b(x) = -x + 5. Let l(q) = 5*b(q) + 6*g(q). Give l(d).
-5
Suppose -4*l + 6*l - l = 0. Let t(q) = q + 17. What is t(l)?
17
Let i be 42/8 - 1/4. Let g(d) = 3*d**3 - 26*d**2 + 23*d + 14. Let s(q) = -2*q**3 + 17*q**2 - 15*q - 9. Let p(o) = 5*g(o) + 8*s(o). Determine p(i).
-2
Let c(d) = d + 11. Let u be c(-5). Suppose 20 = 2*t + u. Let w(q) = -q**2 + 8*q - 7. Calculate w(t).
0
Let j(b) = 3*b + 16. Let v(w) = 2*w + 11. Let a(x) = -5*j(x) + 8*v(x). Suppose 3*c - 7*c + 16 = 0. Suppose -s = 4*s - 3*o + 33, -2*s - c*o - 8 = 0. Give a(s).
2
Let q(x) be the first derivative of x**3/3 + x - 4. Give q(-1).
2
Let v(f) = f**3 - 3*f + 1. Let s be (-1 - -3 - 2) + 2. What is v(s)?
3
Let v(n) = 4*n - 3. Let a be v(3). Suppose 4*j - 2*q - 12 = 0, -q = j - 4*j + a. Let h(k) = -3 + 3*k**3 + 5*k - 4*k**j + k + 2*k**2 + 0. What is h(4)?
-11
Let i be (-46)/(-14) + (-2)/7. Let b(z) = 5*z**2 + 4*z + 3. Let u(y) = -5*y**2 - 3*y - 2. Let h(v) = i*u(v) + 2*b(v). What is h(1)?
-6
Let g(n) = -2*n - 2. Suppose -5 = -2*m + 3*k, -8*k + 15 = -3*k. Suppose 2*s - 25 = m*s. Give g(s).
8
Suppose 0 = -i - 5, 23 = 2*c - 4*i + i. Let n(w) = -3*w. Let s(g) = -8*g + 1. Let q(f) = -11*n(f) + 4*s(f). Give q(c).
8
Let z(q) be the second derivative of q**3/6 - 5*q**2/2 - 17*q. What is z(-7)?
-12
Let z be (-7)/4 + 24/32. Let q(k) = -k**2 + 7*k - 2. Let s(l) = -l**2 + l. Let u(r) = z*q(r) + 2*s(r). Give u(-4).
6
Let h(b) = 21 - 13 + b - 9 - 10*b**2. What is h(1)?
-10
Let z(q) = -2*q + 7. Let o be (15/(-6))/(9/18). Determine z(o).
17
Let c(r) = -2*r - 9. Let i be c(-4). Let u(f) be the first derivative of -3*f**2 + 2*f**2 + f - 3 - 2*f - 2*f**4. What is u(i)?
9
Let t(c) = -c**3 + 4*c**2 + 5*c - 4. Suppose -y - 5 = 1. Let u = 8 + y. Suppose -u*l - 3*l + 25 = 0. Give t(l).
-4
Let q(u) be the first derivative of -5*u**2/2 + u - 38. Give q(-4).
21
Let l(f) = -1. Let t(p) = -p**2 + 2*p + 3. Let x(d) = 4*l(d) + t(d). Determine x(2).
-1
Let d(m) = -m**2 + 6*m + 3. Let v(s) = s**2 - 6*s - 2. Let n(w) = -3*d(w) - 4*v(w). What is n(4)?
7
Let w(v) = -13*v**2 + 129*v + 9. Let f be w(10). Let u(l) = -l**3 - 1. Let g(p) = -2*p**3 - p + 2. Let s(j) = g(j) + 2*u(j). Give s(f).
5
Let u(v) be the third derivative of 7/24*v**4 + 0 + 0*v + 0*v**3 - v**2. Suppose s - 2*z - 13 = z, 5*s + z - 1 = 0. Give u(s).
7
Let d(b) be the first derivative of -5/2*b**2 - 6 - 2*b + 1/3*b**3. Let s be 3/(1/(1 + 0)). Determine d(s).
-8
Let u(h) = -h - 2*h + h**2 + 2 + 3*h. Calculate u(-2).
6
Let q(w) = 2*w - 3. Let c be q(0). Let d(o) be the second derivative of o**4/12 + o**3/6 - o**2/2 - 2*o. Give d(c).
5
Let h(f) = -f + 6. Let b = -21 + 21. Give h(b).
6
Let l(u) = 0*u - 3*u - 2*u**2 + 4*u + 2. Let v be l(2). Let k(i) = -7*i**2 - 3*i + 4 + 0 + 6*i**2. Give k(v).
0
Suppose 20 = -3*x + 8. Let h(u) = 4*u + u + 0*u + u**2 + 2. Give h(x).
-2
Let o(x) = -8*x + 5*x - 2*x + 1 + 0. Let i be (2 + -1)*(-1 - 0). Calculate o(i).
6
Let w(a) be the first derivative of -10*a + 7/2*a**2 + 6 + 1/3*a**3. What is w(-8)?
-2
Suppose 2*l - 25 = 7*l. Let d(g) = g**2 + 2*g - 7. Give d(l).
8
Suppose 4*j = -3*a + j + 36, 5*a - 2*j - 39 = 0. Suppose a = 4*w + 1. Let v(i) = -i - i**w - 2*i**2 + 4*i - i**3 + 1. Calculate v(-4).
5
Suppose 4 = -2*h + 4*h. Let j be ((-3)/9)/((-2)/12). Let d(l) = -2*l**j + 0*l - 2*l + 5*l. What is d(h)?
-2
Let n(x) be the first derivative of 3*x**2/2 - 3*x - 3. Let p = 4 - 0. What is n(p)?
9
Let m(t) be the second derivative of t + 0 - 1/2*t**2 - 1/6*t**3. Give m(-2).
1
Let h(x) = -x**3 - 6*x**2 - 2*x - 9. Suppose 5*c = -4*o - 14, -7*c - o = -2*c + 26. What is h(c)?
3
Let p(t) = 2*t**2 - 4*t + 5. Let z(f) = -f**2 + f - 1. Let o(a) = p(a) + 